(-21 - 1) + (-211 - -246)
13
Evaluate -42 + 26 + 13 + (-7 - 1).
-11
What is -5 + 3 + -11 - -12?
-1
What is 4 - -7 - (9 - -16)?
-14
What is (-7 - 1) + -2 - 0?
-10
What is -6 + 1 + -3 - 6?
-14
Calculate 15 - ((49 - 15 - -7) + 6).
-32
(40 - (23 - 41)) + 1 + -18
41
Evaluate -2 + 6 + -3 + (-28 - -7) - 10.
-30
2 + 1 + -4 + 5 + -1 + -2
1
Calculate -11 - (-17 + -5 + 13 - (-7 - -1)).
-8
Calculate -10 + -1 + 5 + (-22 - -22).
-6
Calculate (1 - -15) + (-19 - -11).
8
Evaluate 136 + -164 - (1 + 3).
-32
Calculate (-2 - 1) + -50 + 59.
6
What is (10 - (0 - -2)) + 5 + (2 - 3)?
12
Calculate 9 - (11 + (-8 - -6)).
0
Calculate -81 - -62 - (-7 - (-2 - (2 + -3))).
-13
Evaluate -2 + 4 + 1 + (8 - (4 + 0)).
7
What is the value of (18 - (10 - -4 - 6)) + -28 + -7?
-25
What is (-7 - (-5 + -9)) + -7 + 1 + 1?
2
Evaluate -21 - (20 - 11 - 18).
-12
Calculate -4 - -7 - 19 - (2 - (-7 + 8)).
-17
Evaluate (-18 - 1 - 0) + 3 + 7 + -10.
-19
What is the value of -21 + 11 - -23 - -4?
17
What is 6 - (-4 - (6 + -10 - -5) - 8)?
19
Evaluate (-2 - 1 - -1) + 6 + (31 - 30).
5
What is the value of 9 + -9 + (-2 + 4 - 0)?
2
Calculate 8 - (14 - 8 - (-1 + 10) - 5).
16
What is -1 + -6 + (-44 - -41)?
-10
Calculate 15 + (16 - (54 + -17)).
-6
What is the value of -3 + (8 - 3 - 3) + -10 + -4?
-15
What is 8 - 9 - (-6 - -5) - (-2 - -3)?
-1
-5 + -15 + 1 + (218 - 203)
-4
What is (-26 + 16 - -5) + 1?
-4
Evaluate -41 + (-12 + 37 - 7).
-23
What is the value of -366 - -357 - (-1 - -1)?
-9
Evaluate (34 - 17 - 36) + 11.
-8
(10 - -8) + 2 + 0 - (59 + -52)
13
-35 + 29 - (9 - -2 - (3 + 0))
-14
Calculate -30 + -3 + (7 - -10).
-16
10 + 21 + 8 + -22
17
-6 - (-7 + 4) - (-5 - (3 + -4))
1
What is the value of -3 - -3 - (4 - (5 + 4)) - -14?
19
What is the value of -2 - (1 + 10 + -9 + (0 - 0))?
-4
What is 5 + (6 + -1 + -1 + -9 - 11)?
-11
(-6 - (3 + -27 + 6)) + -5 + -21
-14
Evaluate -4 - ((-4 + 8 + 1 - 31) + 0).
22
Evaluate 2 - -2 - (9 + -21 + 8).
8
-20 + 20 - (3 - 2 - 4)
3
What is the value of 7 + -7 + -17 + -4 + 3 + 4?
-14
Evaluate (-6 - (-3 - -1)) + (9 + -7 - 4).
-6
Calculate -7 - (6 - 7) - (-1 - -3).
-8
Evaluate 151 + -145 + (36 - -1) + (-1 - 9).
33
Evaluate (62 + -37 - 21) + -3 + 0.
1
What is the value of 48 - 71 - (-6 + 2 + 9)?
-28
12 + (6 - (11 - 3))
10
What is -4 + (5 - 5) + 20 + -7?
9
What is -2 + 27 + 9 + (14 + -25 - -5)?
28
Evaluate (65 - 61) + (-3 - (-3 - (-4 - -2))).
2
Evaluate -2 + (-3 - (1 - -1)) + (191 - 178).
6
What is the value of 7 + -9 + -5 - -7?
0
Evaluate (6 - -6) + 15 + 3 + -2.
28
What is -27 + 3 + 65 + -61?
-20
What is -23 - -16 - (-78 - -39)?
32
Calculate 3 - ((7 - -3) + -7 + 6).
-6
-4 - (45 + -54 + (-1 - -2))
4
What is 0 + -2 - (-4 - ((-20 - -9) + 19))?
10
What is the value of -9 + 2 + -2 - (-9 - (7 + -23))?
-16
What is the value of (-18 - -8 - -22) + -9 + 8?
11
What is the value of 7 - (3 + -6 - 1)?
11
What is -11 - (32 - 13 - 46)?
16
What is the value of -23 - (-21 + 22 + -20)?
-4
What is 6 + -37 - -35 - (-14 - (1 + 0))?
19
What is -22 - (-4 - -8 - 11 - (-8 + -10))?
-33
What is the value of 9 + (12 + -23 - -16) + 8?
22
Evaluate 2 + -17 + 23 - (13 - 2).
-3
Evaluate 11 + -14 - 10 - -6.
-7
Calculate 8 - -2 - (-54 + 76).
-12
Calculate 10 - (18 - (-15 - -17)).
-6
What is (512 - 513) + 3 + -5 + -25?
-28
Calculate -164 + 194 - (0 - 0 - -13).
17
(-2 - -1) + -70 + 86 + (-3 - -5)
17
What is 4 + 4 - 13 - (2 - -6)?
-13
Evaluate -8 + (25 - (-28 + 36)).
9
Evaluate (1 - 2) + (9 - (8 + -12 - -14)).
-2
Evaluate (-10 - (-17 + 15)) + -5.
-13
Evaluate 9 + (-5 - 5) - (11 - -3 - 20).
5
-4 - ((-6 + 0 - -3) + 7)
-8
(-59 - -74) + 14 + (-10 - -4)
23
What is the value of -3 + (4 - (7 + -2)) + 28 + 3?
27
(7 - (3 + 0 + 5)) + 15
14
-24 + (29 - -3) - (0 - 2)
10
What is the value of (-2 - 14) + 4 + 8?
-4
What is the value of (-27 - -14 - (-3 - 0)) + 8?
-2
What is -1 + -11 + 26 + -4?
10
What is -2 + -23 + 37 - 12?
0
Evaluate 12 + 19 + -19 + 0 + -32.
-20
(-20 - -4 - -9) + (21 - 1)
13
(-48 - -1) + (-99 - -110)
-36
(-2 - -13) + 12 + -1 + (-8 - 5)
9
What is 0 + (-3 - (2 + -9)) + 5 + 0?
9
Calculate 0 - 32 - ((-3 - 14) + 26 + -20).
-21
What is (73 - 39 - (3 + -7)) + -10?
28
What is the value of (124 - 141) + 0 + (11 - 4)?
-10
-10 + -11 + 25 + -21
-17
Calculate 9 - (-2 - -16) - -12.
7
What is the value of 9 + -25 + 23 + (-2 - -10)?
15
What is 35 + -39 + 49 + -41?
4
What is the value of (21 - -9) + -19 - 17?
-6
Evaluate -4 + 14 + 0 + -11.
-1
What is the value of 0 + 15 - (0 + 8 + -4 + -2)?
13
What is the value of 35 + 7 + -30 - 49?
-37
What is the value of -12 - (4 - 0 - (13 + -23 + 15))?
-11
24 + -39 + 31 + -29
-13
What is 14 - (31 + 1 - (66 + -73))?
-25
What is the value of (-158 - -135) + 3 + (0 + -2 - -1)?
-21
Calculate 4 + (-1 + 5 + -11 - -10 - -2).
9
Evaluate (-7 - 1) + (13 - (29 + (-20 - -28))).
-32
Evaluate 6 + 0 + 4 + 5 + -3.
12
Evaluate -16 + 21 + 6 - (-2 - -8).
5
Calculate 7 + (5 - (14 + -3)).
1
Evaluate -7 - (-9 + -1) - (7 + 6).
-10
Calculate (0 - 7 - -10 - (2 + 5)) + 33.
29
Calculate (7 - (1 + 8) - 3) + 3 + 4.
2
What is -3 + (-9 - -21) + -4 - -4?
9
What is -1246 + 1260 - (-15 + 2)?
27
Calculate 20 + (2 - -7) + -18 + -27.
-16
Evaluate -4 + (1 - (0 + 0)) - (6745 - 6747).
-1
Calculate 1 + (2 - 25) + 2 - (73 - 74).
-19
Evaluate 17 + -40 + (16 - -7).
0
What is the value of (-2 - (4 - (2 - 0))) + -2 + 10?
4
What is -41 + 53 + 3 + 1?
16
-16 - ((13 - 39) + 9)
1
What is the value of (-8 - 5) + 32 + -22 + 7?
4
Evaluate 3 + -4 + (1 - 1) - (1 + 10).
-12
What is the value of -12 + (-14 - -22) - (-1 + -10)?
7
Evaluate 0 + 1 + 12 + -6 + -11 - -16.
12
Calculate -1 + (6 - (3 - (2 - 7))).
-3
-15 - (-13 + -1) - (11 - 2)
-10
What is 1 + (4 + -16 - (14 - 21))?
-4
Calculate 13 + -5 + -12 + -22 + 0 + -1.
-27
Calculate 11 + -1 + 0 + 318 + -316.
12
21 - (52 + (-47 - -21))
-5
Evaluate -10 - (-23 + 21) - -8.
0
Evaluate -7 + 4 - (-19 + 31).
-15
What is the value of (182 - 184) + (3 - 2) + -2 + 14?
11
(-42 - -45) + (4 + -2 - 13)
-8
Evaluate (-12 - (-23 + -4) - 17) + 17.
15
Calculate -5 + 21 + -9 + (-1 - 15) + -16.
-25
Evaluate -1 + (5 + 6 - (-11 + -4)).
25
What is the value of 1 + -5 + 3 + (-2 - -5 - 1)?
1
What is the value of (43 - 25 - (3 - -1)) + 0 + 1?
15
What is -11 + 13 + 0 + -19?
-17
Calculate -7 + -18 + 14 + -6 - -21.
4
Calculate (0 - -1 - 4) + 36 + -4 + -39.
-10
What is the value of -20 + -1 + (13 - 5)?
-13
What is 14 - 26 - ((-4 - -2) + 0 + 1)?
-11
Evaluate 14 - (-1 + 5 + (-13 - (-3 + -4))).
16
Evaluate 3 - (-3 - -4) - (-18 + 15).
5
Calculate (-10 - (1 - 1)) + 18 + -55 + 38.
-9
Calculate 3 + (9 - ((-3 - (-2 - 2)) + 8)).
3
2 - (-18 + 11 - 1)
10
What is 9 - (-23 + (16 - -7))?
9
What is 10 + -7 + -10 + (-3 - 1)?
-11
What is the value of 7 + -3 + -20 + 37?
21
Evaluate (11 - 24) + 26 + -31 - 14.
-32
Calculate (-9 - (-2 + -2) - 15) + (1 - 0).
-19
Calculate 117 + -126 + 19 + -1.
9
What is 23 + -1 + (22 + 7 - 38) + -6?
7
What is the value of -6 - (-5 + 4) - -1?
-4
Evaluate 0 + 7 - (24 + (-28 - -14)).
-3
5 - ((19 - 0) + -24 + 20)
-10
Evaluate -40 - -39 - (-21 + 2 + 6 + -6).
18
What is the value of 12 - (26 - 11) - -10?
7
Evaluate 21 - (-133 - -114 - (-3 - 2)).
35
0 - (-6 - (-2 - 5 - -8) - 9)
16
Evaluate (22 - -4) + -18 + 7.
15
Evaluate -4 + 11 - 35 - -19.
-9
Evaluate -34 + 19 + 20 + -12 + -2 + 7.
-2
What is 39 - (27 + (9 - 3))?
6
Calculate -3 - -35 - 20 - 5.
7
What is 566 + -562 - ((0 - -3) + 0)?
1
(-57 + 23 - -52) + -22
-4
Evaluate -10 + -12 + (6 - 11) - 3.
-30
What is the value of -1 - -6 - 8 - (13 + -4 + 0)?
-12
What is the value of 9 + 7 + (-42 - -21)?
-5
Evaluate (3 - 7) + -4 + 2 + (3 - 4).
-7
Calculate 0 + 7 + -4 + -5 + 12.
10
14 + -22 - (92 - 80)
-20
What is the value of (1 - (-13 + 19) - -8) + (5 - -1)?
9
Calculate (-35 - -28 - -9) + 0.
2
What is (2 - 16) + (31 - 78 - -52)?
-9
Calculate (33 - (23 - 0)) + -23.
-13
What is the value of -11 - ((14 - 24 - 1) + -15)?
15
Evaluate -36 - (11 + 2 + -30).
-19
(8 + -6 - 0) + -5 - -4
1
Evaluate 6 - -1 - 21 - -18.
4
Calculate (2 + -21 - -22) + -16 + 1.
-12
What is the value of 2 - (-34 - -26) - (1 + -3 - -7)?
5
Calculate -11 - ((15 - 12) + 10 + -5 + -6).
-13
What is the value of -6 + (7 - 7) - -9?
3
-10 - (-55 + 50 - (-15 + 0))
-20
-6 + (11 - (2 + 0 + 2)) - -5
6
Calculate 2 - (-8 + (3 - 5 - (-2 + -3))).
7
Calculate 8 - 0 - (-9 + 18 - 16).
15
1 - (-14 - ((-1 - 16) + 1 - -8))
7
Evaluate 2 + -1 - ((-3 - 21